{"id":1229,"date":"2022-07-22T07:40:21","date_gmt":"2022-07-22T07:40:21","guid":{"rendered":"https:\/\/camping-plougrescant.pros.bzh\/?page_id=1229"},"modified":"2022-11-17T09:43:14","modified_gmt":"2022-11-17T09:43:14","slug":"mentions-legales","status":"publish","type":"page","link":"https:\/\/www.plougrescant.fr\/camp\/mentions-legales\/","title":{"rendered":"Mentions l\u00e9gales"},"content":{"rendered":"\t\t<div data-elementor-type=\"wp-page\" data-elementor-id=\"1229\" class=\"elementor elementor-1229\" data-elementor-post-type=\"page\">\n\t\t\t\t\t\t<section class=\"elementor-section elementor-top-section elementor-element elementor-element-0b4e634 elementor-section-height-min-height elementor-section-content-middle elementor-section-boxed elementor-section-height-default elementor-section-items-middle\" data-id=\"0b4e634\" data-element_type=\"section\" data-settings=\"{&quot;background_background&quot;:&quot;classic&quot;}\">\n\t\t\t\t\t\t<div class=\"elementor-container elementor-column-gap-default\">\n\t\t\t\t\t<div class=\"elementor-column elementor-col-100 elementor-top-column elementor-element elementor-element-dfd8be0\" data-id=\"dfd8be0\" data-element_type=\"column\">\n\t\t\t<div class=\"elementor-widget-wrap\">\n\t\t\t\t\t\t\t<\/div>\n\t\t<\/div>\n\t\t\t\t\t<\/div>\n\t\t<\/section>\n\t\t\t\t<section class=\"elementor-section elementor-top-section elementor-element elementor-element-5a525fb elementor-section-height-min-height elementor-section-boxed elementor-section-height-default elementor-section-items-middle\" data-id=\"5a525fb\" data-element_type=\"section\">\n\t\t\t\t\t\t<div class=\"elementor-container elementor-column-gap-default\">\n\t\t\t\t\t<div class=\"elementor-column elementor-col-100 elementor-top-column elementor-element elementor-element-efd82f6\" data-id=\"efd82f6\" data-element_type=\"column\">\n\t\t\t<div class=\"elementor-widget-wrap elementor-element-populated\">\n\t\t\t\t\t\t<div class=\"elementor-element elementor-element-30bcab0 elementor-position-left elementor-mobile-position-left elementor-view-default elementor-vertical-align-top elementor-widget elementor-widget-icon-box\" data-id=\"30bcab0\" data-element_type=\"widget\" data-widget_type=\"icon-box.default\">\n\t\t\t\t<div class=\"elementor-widget-container\">\n\t\t\t<link rel=\"stylesheet\" href=\"https:\/\/www.plougrescant.fr\/camp\/wp-content\/plugins\/elementor\/assets\/css\/widget-icon-box.min.css\">\t\t<div class=\"elementor-icon-box-wrapper\">\n\n\t\t\t\t\t\t<div class=\"elementor-icon-box-icon\">\n\t\t\t\t<span  class=\"elementor-icon elementor-animation-\">\n\t\t\t\t<svg xmlns=\"http:\/\/www.w3.org\/2000\/svg\" id=\"Calque_1\" viewBox=\"0 0 500 129\"><defs><style>.cls-1{fill:#ef8073;}<\/style><\/defs><path class=\"cls-1\" d=\"M129.71,129c-45.28,0-83.34-14.9-116.19-45.54C5.16,75.82,.62,65.2,.69,54.23c.09-10.95,4.84-21.52,13.09-29.09,7.85-7.12,18.12-11.09,28.92-11.09s21.43,4.07,29.28,11.42c17.11,15.98,34.87,23.07,57.31,23.07,26.29,0,57.83-9.26,96.22-21.41C265.83,14.4,311.53,0,358.64,0s87.81,13.96,125.45,42.69c8.91,6.77,14.69,16.97,15.7,27.96,1.03,10.9-2.63,21.81-10.13,30.03-7.99,8.93-19.62,13.96-31.77,13.96-9.38,0-18.77-3.15-26.15-8.76-22.42-17.08-45.91-25.02-74.01-25.02-33.04,0-68.42,11.14-105.92,23-37.36,11.82-79.72,25.14-122.09,25.14\"><\/path><\/svg>\t\t\t\t<\/span>\n\t\t\t<\/div>\n\t\t\t\n\t\t\t\t\t\t<div class=\"elementor-icon-box-content\">\n\n\t\t\t\t\t\t\t\t\t<h2 class=\"elementor-icon-box-title\">\n\t\t\t\t\t\t<span  >\n\t\t\t\t\t\t\tMentions l\u00e9gales\t\t\t\t\t\t<\/span>\n\t\t\t\t\t<\/h2>\n\t\t\t\t\n\t\t\t\t\n\t\t\t<\/div>\n\t\t\t\n\t\t<\/div>\n\t\t\t\t<\/div>\n\t\t\t\t<\/div>\n\t\t\t\t<section class=\"elementor-section elementor-inner-section elementor-element elementor-element-426e099 elementor-section-boxed elementor-section-height-default elementor-section-height-default\" data-id=\"426e099\" data-element_type=\"section\">\n\t\t\t\t\t\t<div class=\"elementor-container elementor-column-gap-wide\">\n\t\t\t\t\t<div class=\"elementor-column elementor-col-50 elementor-inner-column elementor-element elementor-element-9b5dc8c\" data-id=\"9b5dc8c\" data-element_type=\"column\">\n\t\t\t<div class=\"elementor-widget-wrap elementor-element-populated\">\n\t\t\t\t\t\t<div class=\"elementor-element elementor-element-9a5f481 elementor-widget elementor-widget-heading\" data-id=\"9a5f481\" data-element_type=\"widget\" data-widget_type=\"heading.default\">\n\t\t\t\t<div class=\"elementor-widget-container\">\n\t\t\t<style>\/*! elementor - v3.22.0 - 26-06-2024 *\/\n.elementor-heading-title{padding:0;margin:0;line-height:1}.elementor-widget-heading .elementor-heading-title[class*=elementor-size-]>a{color:inherit;font-size:inherit;line-height:inherit}.elementor-widget-heading .elementor-heading-title.elementor-size-small{font-size:15px}.elementor-widget-heading .elementor-heading-title.elementor-size-medium{font-size:19px}.elementor-widget-heading .elementor-heading-title.elementor-size-large{font-size:29px}.elementor-widget-heading .elementor-heading-title.elementor-size-xl{font-size:39px}.elementor-widget-heading .elementor-heading-title.elementor-size-xxl{font-size:59px}<\/style><h3 class=\"elementor-heading-title elementor-size-default\">Propri\u00e9t\u00e9 du site<\/h3>\t\t<\/div>\n\t\t\t\t<\/div>\n\t\t\t\t<div class=\"elementor-element elementor-element-644204f elementor-widget elementor-widget-text-editor\" data-id=\"644204f\" data-element_type=\"widget\" data-widget_type=\"text-editor.default\">\n\t\t\t\t<div class=\"elementor-widget-container\">\n\t\t\t<style>\/*! elementor - v3.22.0 - 26-06-2024 *\/\n.elementor-widget-text-editor.elementor-drop-cap-view-stacked .elementor-drop-cap{background-color:#69727d;color:#fff}.elementor-widget-text-editor.elementor-drop-cap-view-framed .elementor-drop-cap{color:#69727d;border:3px solid;background-color:transparent}.elementor-widget-text-editor:not(.elementor-drop-cap-view-default) .elementor-drop-cap{margin-top:8px}.elementor-widget-text-editor:not(.elementor-drop-cap-view-default) .elementor-drop-cap-letter{width:1em;height:1em}.elementor-widget-text-editor .elementor-drop-cap{float:left;text-align:center;line-height:1;font-size:50px}.elementor-widget-text-editor .elementor-drop-cap-letter{display:inline-block}<\/style>\t\t\t\t<p>Mairie de Plougrescant.<\/p><p><strong>Adresse postale :<\/strong><br \/>Le Bourg, 22820 Plougrescant<\/p><p><strong>Contact t\u00e9l\u00e9phonique :<\/strong>\u00a0<br \/><span aria-label=\"Appeler le 02 96 92 51 18\">02 96 92 51 18<\/span><\/p><p><strong>Contact en ligne :<\/strong>\u00a0<br \/><span aria-label=\"Appeler le 02 96 92 51 18\">Rendez-vous sur la section <a href=\"\/contact\/\">contact<\/a> du site.\u00a0<\/span><\/p>\t\t\t\t\t\t<\/div>\n\t\t\t\t<\/div>\n\t\t\t\t<div class=\"elementor-element elementor-element-1d80697 elementor-widget elementor-widget-heading\" data-id=\"1d80697\" data-element_type=\"widget\" data-widget_type=\"heading.default\">\n\t\t\t\t<div class=\"elementor-widget-container\">\n\t\t\t<h3 class=\"elementor-heading-title elementor-size-default\">Cr\u00e9dits photos<\/h3>\t\t<\/div>\n\t\t\t\t<\/div>\n\t\t\t\t<div class=\"elementor-element elementor-element-40f09ad elementor-widget elementor-widget-text-editor\" data-id=\"40f09ad\" data-element_type=\"widget\" data-widget_type=\"text-editor.default\">\n\t\t\t\t<div class=\"elementor-widget-container\">\n\t\t\t\t\t\t\t<p>Mairie de Plougrescant. Adobe Stock.<\/p>\t\t\t\t\t\t<\/div>\n\t\t\t\t<\/div>\n\t\t\t\t<div class=\"elementor-element elementor-element-4e14adf elementor-widget elementor-widget-heading\" data-id=\"4e14adf\" data-element_type=\"widget\" data-widget_type=\"heading.default\">\n\t\t\t\t<div class=\"elementor-widget-container\">\n\t\t\t<h3 class=\"elementor-heading-title elementor-size-default\">D\u00e9veloppement web<\/h3>\t\t<\/div>\n\t\t\t\t<\/div>\n\t\t\t\t<div class=\"elementor-element elementor-element-ea059a2 elementor-widget elementor-widget-text-editor\" data-id=\"ea059a2\" data-element_type=\"widget\" data-widget_type=\"text-editor.default\">\n\t\t\t\t<div class=\"elementor-widget-container\">\n\t\t\t\t\t\t\t<p>Le site internet a \u00e9t\u00e9 con\u00e7u et d\u00e9velopp\u00e9 par l\u2019<a title=\"Agence de communication cr\u00e9ative \u00e0 Lannion\" href=\"https:\/\/oa.bzh\/\" target=\"_blank\" rel=\"noopener\">agence OAcom<\/a><\/p><p><strong>OACOM<\/strong><br \/>36 bis rue de l\u2019h\u00f4tel de ville<br \/>22140 B\u00e9gard<br \/>France<\/p>\t\t\t\t\t\t<\/div>\n\t\t\t\t<\/div>\n\t\t\t\t<div class=\"elementor-element elementor-element-5c24a1e elementor-widget elementor-widget-heading\" data-id=\"5c24a1e\" data-element_type=\"widget\" data-widget_type=\"heading.default\">\n\t\t\t\t<div class=\"elementor-widget-container\">\n\t\t\t<h3 class=\"elementor-heading-title elementor-size-default\">H\u00e9bergement web<\/h3>\t\t<\/div>\n\t\t\t\t<\/div>\n\t\t\t\t<div class=\"elementor-element elementor-element-ecc3eee elementor-widget elementor-widget-text-editor\" data-id=\"ecc3eee\" data-element_type=\"widget\" data-widget_type=\"text-editor.default\">\n\t\t\t\t<div class=\"elementor-widget-container\">\n\t\t\t\t\t\t\t<p>Le site internet est h\u00e9berg\u00e9 en Union Europ\u00e9enne, avec un bilan neutre en carbone (car c\u2019est important) sur un serveur g\u00e9r\u00e9 par l\u2019<a title=\"Agence de communication cr\u00e9ative \u00e0 Lannion\" href=\"https:\/\/oa.bzh\/\" target=\"_blank\" rel=\"noopener\">agence OAcom<\/a>.<\/p><p><strong>OACOM<\/strong><br \/>36 bis rue de l\u2019h\u00f4tel de ville<br \/>22140 B\u00e9gard<br \/>France<\/p>\t\t\t\t\t\t<\/div>\n\t\t\t\t<\/div>\n\t\t\t\t\t<\/div>\n\t\t<\/div>\n\t\t\t\t<div class=\"elementor-column elementor-col-50 elementor-inner-column elementor-element elementor-element-70de9bc\" data-id=\"70de9bc\" data-element_type=\"column\">\n\t\t\t<div class=\"elementor-widget-wrap elementor-element-populated\">\n\t\t\t\t\t\t<div class=\"elementor-element elementor-element-4e71461 elementor-widget elementor-widget-heading\" data-id=\"4e71461\" data-element_type=\"widget\" data-widget_type=\"heading.default\">\n\t\t\t\t<div class=\"elementor-widget-container\">\n\t\t\t<h3 class=\"elementor-heading-title elementor-size-default\">Protection g\u00e9n\u00e9rale des donn\u00e9es :<\/h3>\t\t<\/div>\n\t\t\t\t<\/div>\n\t\t\t\t<div class=\"elementor-element elementor-element-7f40df5 elementor-widget elementor-widget-text-editor\" data-id=\"7f40df5\" data-element_type=\"widget\" data-widget_type=\"text-editor.default\">\n\t\t\t\t<div class=\"elementor-widget-container\">\n\t\t\t\t\t\t\t<p>Nous ne r\u00e9coltons pas de donn\u00e9es personnelles lors de la navigation sur le site. Nous r\u00e9coltons des donn\u00e9es anonymis\u00e9es pour permettre une bonne compr\u00e9hension de nos visiteurs. Aucun cookie n\u2019est d\u00e9pos\u00e9 pour l\u2019analyse de votre navigation par ce site.<\/p>\t\t\t\t\t\t<\/div>\n\t\t\t\t<\/div>\n\t\t\t\t\t<\/div>\n\t\t<\/div>\n\t\t\t\t\t<\/div>\n\t\t<\/section>\n\t\t\t\t\t<\/div>\n\t\t<\/div>\n\t\t\t\t\t<\/div>\n\t\t<\/section>\n\t\t\t\t<\/div>\n\t\t","protected":false},"excerpt":{"rendered":"<p>Mentions l\u00e9gales Propri\u00e9t\u00e9 du site Mairie de Plougrescant. Adresse postale :Le Bourg, 22820 Plougrescant Contact t\u00e9l\u00e9phonique :\u00a002 96 92 51 18 Contact en ligne :\u00a0Rendez-vous sur la section contact du site.\u00a0 Cr\u00e9dits photos Mairie de Plougrescant. Adobe Stock. D\u00e9veloppement web Le site internet a \u00e9t\u00e9 con\u00e7u et d\u00e9velopp\u00e9 par l\u2019agence OAcom OACOM36 bis rue de [&hellip;]<\/p>\n","protected":false},"author":2,"featured_media":0,"parent":0,"menu_order":0,"comment_status":"closed","ping_status":"closed","template":"","meta":{"footnotes":""},"class_list":["post-1229","page","type-page","status-publish","hentry"],"yoast_head":"<!-- This site is optimized with the Yoast SEO plugin v23.0 - https:\/\/yoast.com\/wordpress\/plugins\/seo\/ -->\n<title>Mentions l\u00e9gales - Beg ar Vilin<\/title>\n<meta name=\"robots\" content=\"index, follow, max-snippet:-1, max-image-preview:large, max-video-preview:-1\" \/>\n<link rel=\"canonical\" href=\"https:\/\/www.plougrescant.fr\/camp\/mentions-legales\/\" \/>\n<meta property=\"og:locale\" content=\"fr_FR\" \/>\n<meta property=\"og:type\" content=\"article\" \/>\n<meta property=\"og:title\" content=\"Mentions l\u00e9gales - Beg ar Vilin\" \/>\n<meta property=\"og:description\" content=\"Mentions l\u00e9gales Propri\u00e9t\u00e9 du site Mairie de Plougrescant. Adresse postale :Le Bourg, 22820 Plougrescant Contact t\u00e9l\u00e9phonique :\u00a002 96 92 51 18 Contact en ligne :\u00a0Rendez-vous sur la section contact du site.\u00a0 Cr\u00e9dits photos Mairie de Plougrescant. Adobe Stock. D\u00e9veloppement web Le site internet a \u00e9t\u00e9 con\u00e7u et d\u00e9velopp\u00e9 par l\u2019agence OAcom OACOM36 bis rue de [&hellip;]\" \/>\n<meta property=\"og:url\" content=\"https:\/\/www.plougrescant.fr\/camp\/mentions-legales\/\" \/>\n<meta property=\"og:site_name\" content=\"Beg ar Vilin\" \/>\n<meta property=\"article:modified_time\" content=\"2022-11-17T09:43:14+00:00\" \/>\n<meta name=\"twitter:card\" content=\"summary_large_image\" \/>\n<script type=\"application\/ld+json\" class=\"yoast-schema-graph\">{\"@context\":\"https:\/\/schema.org\",\"@graph\":[{\"@type\":\"WebPage\",\"@id\":\"https:\/\/www.plougrescant.fr\/camp\/mentions-legales\/\",\"url\":\"https:\/\/www.plougrescant.fr\/camp\/mentions-legales\/\",\"name\":\"Mentions l\u00e9gales - Beg ar Vilin\",\"isPartOf\":{\"@id\":\"https:\/\/www.plougrescant.fr\/camp\/#website\"},\"datePublished\":\"2022-07-22T07:40:21+00:00\",\"dateModified\":\"2022-11-17T09:43:14+00:00\",\"breadcrumb\":{\"@id\":\"https:\/\/www.plougrescant.fr\/camp\/mentions-legales\/#breadcrumb\"},\"inLanguage\":\"fr-FR\",\"potentialAction\":[{\"@type\":\"ReadAction\",\"target\":[\"https:\/\/www.plougrescant.fr\/camp\/mentions-legales\/\"]}]},{\"@type\":\"BreadcrumbList\",\"@id\":\"https:\/\/www.plougrescant.fr\/camp\/mentions-legales\/#breadcrumb\",\"itemListElement\":[{\"@type\":\"ListItem\",\"position\":1,\"name\":\"Accueil\",\"item\":\"https:\/\/www.plougrescant.fr\/camp\/\"},{\"@type\":\"ListItem\",\"position\":2,\"name\":\"Mentions l\u00e9gales\"}]},{\"@type\":\"WebSite\",\"@id\":\"https:\/\/www.plougrescant.fr\/camp\/#website\",\"url\":\"https:\/\/www.plougrescant.fr\/camp\/\",\"name\":\"Beg ar Vilin\",\"description\":\"le Camping municipal de Plougrescant\",\"publisher\":{\"@id\":\"https:\/\/www.plougrescant.fr\/camp\/#organization\"},\"potentialAction\":[{\"@type\":\"SearchAction\",\"target\":{\"@type\":\"EntryPoint\",\"urlTemplate\":\"https:\/\/www.plougrescant.fr\/camp\/?s={search_term_string}\"},\"query-input\":\"required name=search_term_string\"}],\"inLanguage\":\"fr-FR\"},{\"@type\":\"Organization\",\"@id\":\"https:\/\/www.plougrescant.fr\/camp\/#organization\",\"name\":\"Beg ar Vilin\",\"url\":\"https:\/\/www.plougrescant.fr\/camp\/\",\"logo\":{\"@type\":\"ImageObject\",\"inLanguage\":\"fr-FR\",\"@id\":\"https:\/\/www.plougrescant.fr\/camp\/#\/schema\/logo\/image\/\",\"url\":\"https:\/\/www.plougrescant.fr\/camp\/wp-content\/uploads\/2022\/09\/cropped-camping_municipal_de_plougrescant-logotype.jpg\",\"contentUrl\":\"https:\/\/www.plougrescant.fr\/camp\/wp-content\/uploads\/2022\/09\/cropped-camping_municipal_de_plougrescant-logotype.jpg\",\"width\":1181,\"height\":1181,\"caption\":\"Beg ar Vilin\"},\"image\":{\"@id\":\"https:\/\/www.plougrescant.fr\/camp\/#\/schema\/logo\/image\/\"}}]}<\/script>\n<!-- \/ Yoast SEO plugin. -->","yoast_head_json":{"title":"Mentions l\u00e9gales - Beg ar Vilin","robots":{"index":"index","follow":"follow","max-snippet":"max-snippet:-1","max-image-preview":"max-image-preview:large","max-video-preview":"max-video-preview:-1"},"canonical":"https:\/\/www.plougrescant.fr\/camp\/mentions-legales\/","og_locale":"fr_FR","og_type":"article","og_title":"Mentions l\u00e9gales - Beg ar Vilin","og_description":"Mentions l\u00e9gales Propri\u00e9t\u00e9 du site Mairie de Plougrescant. Adresse postale :Le Bourg, 22820 Plougrescant Contact t\u00e9l\u00e9phonique :\u00a002 96 92 51 18 Contact en ligne :\u00a0Rendez-vous sur la section contact du site.\u00a0 Cr\u00e9dits photos Mairie de Plougrescant. Adobe Stock. D\u00e9veloppement web Le site internet a \u00e9t\u00e9 con\u00e7u et d\u00e9velopp\u00e9 par l\u2019agence OAcom OACOM36 bis rue de [&hellip;]","og_url":"https:\/\/www.plougrescant.fr\/camp\/mentions-legales\/","og_site_name":"Beg ar Vilin","article_modified_time":"2022-11-17T09:43:14+00:00","twitter_card":"summary_large_image","schema":{"@context":"https:\/\/schema.org","@graph":[{"@type":"WebPage","@id":"https:\/\/www.plougrescant.fr\/camp\/mentions-legales\/","url":"https:\/\/www.plougrescant.fr\/camp\/mentions-legales\/","name":"Mentions l\u00e9gales - Beg ar Vilin","isPartOf":{"@id":"https:\/\/www.plougrescant.fr\/camp\/#website"},"datePublished":"2022-07-22T07:40:21+00:00","dateModified":"2022-11-17T09:43:14+00:00","breadcrumb":{"@id":"https:\/\/www.plougrescant.fr\/camp\/mentions-legales\/#breadcrumb"},"inLanguage":"fr-FR","potentialAction":[{"@type":"ReadAction","target":["https:\/\/www.plougrescant.fr\/camp\/mentions-legales\/"]}]},{"@type":"BreadcrumbList","@id":"https:\/\/www.plougrescant.fr\/camp\/mentions-legales\/#breadcrumb","itemListElement":[{"@type":"ListItem","position":1,"name":"Accueil","item":"https:\/\/www.plougrescant.fr\/camp\/"},{"@type":"ListItem","position":2,"name":"Mentions l\u00e9gales"}]},{"@type":"WebSite","@id":"https:\/\/www.plougrescant.fr\/camp\/#website","url":"https:\/\/www.plougrescant.fr\/camp\/","name":"Beg ar Vilin","description":"le Camping municipal de Plougrescant","publisher":{"@id":"https:\/\/www.plougrescant.fr\/camp\/#organization"},"potentialAction":[{"@type":"SearchAction","target":{"@type":"EntryPoint","urlTemplate":"https:\/\/www.plougrescant.fr\/camp\/?s={search_term_string}"},"query-input":"required name=search_term_string"}],"inLanguage":"fr-FR"},{"@type":"Organization","@id":"https:\/\/www.plougrescant.fr\/camp\/#organization","name":"Beg ar Vilin","url":"https:\/\/www.plougrescant.fr\/camp\/","logo":{"@type":"ImageObject","inLanguage":"fr-FR","@id":"https:\/\/www.plougrescant.fr\/camp\/#\/schema\/logo\/image\/","url":"https:\/\/www.plougrescant.fr\/camp\/wp-content\/uploads\/2022\/09\/cropped-camping_municipal_de_plougrescant-logotype.jpg","contentUrl":"https:\/\/www.plougrescant.fr\/camp\/wp-content\/uploads\/2022\/09\/cropped-camping_municipal_de_plougrescant-logotype.jpg","width":1181,"height":1181,"caption":"Beg ar Vilin"},"image":{"@id":"https:\/\/www.plougrescant.fr\/camp\/#\/schema\/logo\/image\/"}}]}},"_links":{"self":[{"href":"https:\/\/www.plougrescant.fr\/camp\/wp-json\/wp\/v2\/pages\/1229","targetHints":{"allow":["GET"]}}],"collection":[{"href":"https:\/\/www.plougrescant.fr\/camp\/wp-json\/wp\/v2\/pages"}],"about":[{"href":"https:\/\/www.plougrescant.fr\/camp\/wp-json\/wp\/v2\/types\/page"}],"author":[{"embeddable":true,"href":"https:\/\/www.plougrescant.fr\/camp\/wp-json\/wp\/v2\/users\/2"}],"replies":[{"embeddable":true,"href":"https:\/\/www.plougrescant.fr\/camp\/wp-json\/wp\/v2\/comments?post=1229"}],"version-history":[{"count":28,"href":"https:\/\/www.plougrescant.fr\/camp\/wp-json\/wp\/v2\/pages\/1229\/revisions"}],"predecessor-version":[{"id":2037,"href":"https:\/\/www.plougrescant.fr\/camp\/wp-json\/wp\/v2\/pages\/1229\/revisions\/2037"}],"wp:attachment":[{"href":"https:\/\/www.plougrescant.fr\/camp\/wp-json\/wp\/v2\/media?parent=1229"}],"curies":[{"name":"wp","href":"https:\/\/api.w.org\/{rel}","templated":true}]}}